168?
2, 73
List the prime factors of 86115.
3, 5, 5741
List the prime factors of 3018.
2, 3, 503
List the prime factors of 60743.
19, 23, 139
What are the prime factors of 3470?
2, 5, 347
What are the prime factors of 23770?
2, 5, 2377
List the prime factors of 1131.
3, 13, 29
What are the prime factors of 48228?
2, 3, 4019
List the prime factors of 7714.
2, 7, 19, 29
List the prime factors of 29615.
5, 5923
What are the prime factors of 1628?
2, 11, 37
What are the prime factors of 5677?
7, 811
What are the prime factors of 372?
2, 3, 31
List the prime factors of 3292.
2, 823
List the prime factors of 20917.
13, 1609
List the prime factors of 3675.
3, 5, 7
What are the prime factors of 3183?
3, 1061
List the prime factors of 2255.
5, 11, 41
List the prime factors of 1091.
1091
What are the prime factors of 2920?
2, 5, 73
List the prime factors of 23170.
2, 5, 7, 331
List the prime factors of 9520.
2, 5, 7, 17
What are the prime factors of 46743?
3, 15581
What are the prime factors of 942?
2, 3, 157
List the prime factors of 1771.
7, 11, 23
List the prime factors of 1252.
2, 313
List the prime factors of 601.
601
What are the prime factors of 131081?
19, 6899
List the prime factors of 5734.
2, 47, 61
List the prime factors of 27319.
17, 1607
What are the prime factors of 813?
3, 271
List the prime factors of 7604.
2, 1901
What are the prime factors of 27031?
27031
List the prime factors of 66153.
3, 22051
List the prime factors of 6755.
5, 7, 193
List the prime factors of 21868.
2, 7, 11, 71
List the prime factors of 207453.
3, 69151
What are the prime factors of 57936?
2, 3, 17, 71
List the prime factors of 1835.
5, 367
List the prime factors of 2464.
2, 7, 11
List the prime factors of 6856.
2, 857
What are the prime factors of 17316?
2, 3, 13, 37
List the prime factors of 3847.
3847
List the prime factors of 1529.
11, 139
List the prime factors of 340.
2, 5, 17
List the prime factors of 43038.
2, 3, 797
List the prime factors of 3555.
3, 5, 79
List the prime factors of 69085.
5, 41, 337
What are the prime factors of 611?
13, 47
What are the prime factors of 88?
2, 11
List the prime factors of 1958.
2, 11, 89
What are the prime factors of 659?
659
What are the prime factors of 13177?
13177
What are the prime factors of 11146?
2, 5573
List the prime factors of 59787.
3, 7, 13, 73
List the prime factors of 49097.
29, 1693
List the prime factors of 5359.
23, 233
List the prime factors of 25108.
2, 6277
What are the prime factors of 364?
2, 7, 13
What are the prime factors of 380?
2, 5, 19
What are the prime factors of 1552?
2, 97
What are the prime factors of 8265?
3, 5, 19, 29
List the prime factors of 83706.
2, 3, 7, 1993
What are the prime factors of 4203?
3, 467
What are the prime factors of 1959?
3, 653
What are the prime factors of 31410?
2, 3, 5, 349
What are the prime factors of 2760?
2, 3, 5, 23
List the prime factors of 581.
7, 83
What are the prime factors of 1433?
1433
What are the prime factors of 126810?
2, 3, 5, 1409
List the prime factors of 2560.
2, 5
What are the prime factors of 46989?
3, 23, 227
What are the prime factors of 37772?
2, 7, 19, 71
What are the prime factors of 2215?
5, 443
What are the prime factors of 24560?
2, 5, 307
What are the prime factors of 8429?
8429
What are the prime factors of 672?
2, 3, 7
What are the prime factors of 1031?
1031
List the prime factors of 13821.
3, 17, 271
What are the prime factors of 2738?
2, 37
What are the prime factors of 5861?
5861
What are the prime factors of 24948?
2, 3, 7, 11
What are the prime factors of 4528?
2, 283
What are the prime factors of 33197?
89, 373
What are the prime factors of 13595?
5, 2719
What are the prime factors of 2552?
2, 11, 29
List the prime factors of 2479.
37, 67
What are the prime factors of 2514?
2, 3, 419
List the prime factors of 1007.
19, 53
What are the prime factors of 1313?
13, 101
What are the prime factors of 3308?
2, 827
List the prime factors of 52957.
52957
List the prime factors of 475.
5, 19
List the prime factors of 15679.
15679
List the prime factors of 8801.
13, 677
What are the prime factors of 3005?
5, 601
What are the prime factors of 6815?
5, 29, 47
What are the prime factors of 3851?
3851
What are the prime factors of 56252?
2, 7, 41
What are the prime factors of 4652?
2, 1163
List the prime factors of 84.
2, 3, 7
List the prime factors of 7167.
3, 2389
List the prime factors of 52200.
2, 3, 5, 29
What are the prime factors of 1590?
2, 3, 5, 53
List the prime factors of 10505.
5, 11, 191
What are the prime factors of 447?
3, 149
List the prime factors of 42489.
3, 4721
What are the prime factors of 1363?
29, 47
What are the prime factors of 3100?
2, 5, 31
What are the prime factors of 7383?
3, 23, 107
What are the prime factors of 117666?
2, 3, 2179
List the prime factors of 5404.
2, 7, 193
List the prime factors of 26053.
26053
What are the prime factors of 77568?
2, 3, 101
List the prime factors of 71407.
7, 101
List the prime factors of 189141.
3, 67, 941
List the prime factors of 22991.
83, 277
What are the prime factors of 15349?
15349
List the prime factors of 18498.
2, 3, 3083
What are the prime factors of 2439?
3, 271
List the prime factors of 28352.
2, 443
What are the prime factors of 5174?
2, 13, 199
List the prime factors of 94835.
5, 13, 1459
What are the prime factors of 1287?
3, 11, 13
List the prime factors of 986.
2, 17, 29
What are the prime factors of 532?
2, 7, 19
What are the prime factors of 29451?
3, 9817
List the prime factors of 12713.
12713
What are the prime factors of 3653?
13, 281
List the prime factors of 5059.
5059
List the prime factors of 4377.
3, 1459
List the prime factors of 70906.
2, 11, 293
What are the prime factors of 626?
2, 313
What are the prime factors of 11672?
2, 1459
What are the prime factors of 72083?
11, 6553
List the prime factors of 944.
2, 59
List the prime factors of 634.
2, 317
List the prime factors of 4411.
11, 401
List the prime factors of 337.
337
List the prime factors of 5278.
2, 7, 13, 29
What are the prime factors of 11039?
7, 19, 83
What are the prime factors of 21497?
7, 37, 83
What are the prime factors of 11?
11
What are the prime factors of 119849?
119849
List the prime factors of 32517.
3, 3613
What are the prime factors of 2354?
2, 11, 107
What are the prime factors of 27673?
27673
What are the prime factors of 30430?
2, 5, 17, 179
What are the prime factors of 14489?
14489
What are the prime factors of 3413?
3413
List the prime factors of 2165.
5, 433
List the prime factors of 3565.
5, 23, 31
List the prime factors of 24500.
2, 5, 7
What are the prime factors of 8429?
8429
What are the prime factors of 1483?
1483
List the prime factors of 5129.
23, 223
What are the prime factors of 1150?
2, 5, 23
List the prime factors of 95885.
5, 127, 151
What are the prime factors of 8595?
3, 5, 191
What are the prime factors of 51818?
2, 13, 1993
What are the prime factors of 20361?
3, 11, 617
What are the prime factors of 565?
5, 113
What are the prime factors of 452?
2, 113
What are the prime factors of 166796?
2, 7, 23, 37
What are the prime factors of 127895?
5, 25579
List the prime factors of 502.
2, 251
What are the prime factors of 1575?
3, 5, 7
List the prime factors of 11755.
5, 2351
What are the prime factors of 168205?
5, 33641
What are the prime factors of 8627?
8627
List the prime factors of 11565.
3, 5, 257
List the prime factors of 7117.
11, 647
What are the prime factors of 19962?
2, 3, 1109
What are the prime factors of 47664?
2, 3, 331
What are the prime factors of 24878?
2, 7, 1777
List the prime factors of 1741.
1741
List the prime factors of 9171.
3, 1019
What are the prime factors of 2712?
2, 3, 113
List the prime factors of 302.
2, 151
List the prime factors of 1340.
2, 5, 67
List the prime factors of 5645.
5, 1129
List the prime factors of 1910.
2, 5, 191
What are the prime factors of 471?
3, 157
List the prime factors of 7711.
11, 701
List the prime factors of 9495.
3, 5, 211
List the prime factors of 3472.
2, 7, 31
What are the prime factors of 119725?
5, 4789
What are the prime factors of 40444?
2, 10111
What are the prime factors of 515?
5, 103
List the prime factors of 30353.
127, 239
List the prime factors of 984.
2, 3, 41
What are t